9))/(-1)*-15?
8
Suppose 0 = 4*v + 6 + 2. What is the remainder when (38/4)/((-1)/v) is divided by 10?
9
Let f = -4 - -6. Suppose 2*a - f*v - 2*v + 8 = 0, -v + 5 = a. Suppose a*w - 46 = -4*k, -4*w = -9*w - 5*k + 100. What is the remainder when w is divided by 6?
5
Let p = 30 + -16. Let g(w) = -w - 4. Let y be g(-6). Suppose 5*a + 3*z - 43 = 0, 0 = a - 4*z - 2 - y. Calculate the remainder when p is divided by a.
6
Let x = -40 + 75. What is the remainder when x is divided by 9?
8
Suppose 0*d = 5*d - 355. What is the remainder when d is divided by (-12)/(-48) - 71/(-4)?
17
Let o(a) = -a**2 + 9*a - 6. Let k be o(6). What is the remainder when 43 is divided by k/(-6)*15/(-2)?
13
Suppose -j + 5*j - 132 = 0. Calculate the remainder when j is divided by 9.
6
Let w(b) = 9*b + 4 + 0 + 4*b - b**2. What is the remainder when 1/(-2 + (-63)/(-31)) is divided by w(12)?
15
Let u(i) = i. Suppose -3*j + 63 - 21 = 0. What is the remainder when 54 is divided by u(j)?
12
Calculate the remainder when -4 + 1 + 1 + 12 is divided by 6.
4
Let i(l) = 3*l - 1. Let n = -94 + 177. Suppose n - 3 = 4*u. What is the remainder when u is divided by i(4)?
9
Suppose 31*r - 96 = 28*r. What is the remainder when r is divided by 11?
10
Suppose 0 = -z - 5*r + 61, 0*z - 61 = -z - 4*r. Calculate the remainder when z is divided by 16.
13
Suppose -k - 4*k = -25. Let a = -11 - -15. Suppose 13 = c - 3*f, k*c + f = 13 + a. Calculate the remainder when 11 is divided by c.
3
Let h = 32 + -11. Let f be (88/6)/((-1)/3). What is the remainder when h is divided by f/8*(-1 + -1)?
10
Let d(f) = 48*f. Let z(c) = 5*c - 68. What is the remainder when d(1) is divided by z(17)?
14
Let x(b) be the third derivative of -b**4/6 - 7*b**3/3 + 2*b**2. What is the remainder when 29 is divided by x(-6)?
9
Suppose 2*u - 77 = 25. What is the remainder when u is divided by 26?
25
Let o(d) = -d**2 - 4*d. Let y be o(-5). Calculate the remainder when (y/(-5))/((-1)/(-37)) is divided by 10.
7
Suppose -n = -4*n + 4*s + 21, -12 = -5*n - s. Suppose -z - a = z - 37, -3*a = -n*z + 69. Calculate the remainder when z is divided by 11.
9
Suppose -4*m - 4 = i + 15, 0 = -m - 5*i + 19. Let d = m + 18. What is the remainder when 35 is divided by d?
11
Let w(i) be the first derivative of 1/3*i**3 + 2 + 6*i + 1/2*i**2. Calculate the remainder when w(-6) is divided by 19.
17
Let w(q) = 3*q + 4*q - 5*q + 2*q**2 + 1. Calculate the remainder when 13 is divided by w(-2).
3
Let m be 1 - 2/(-4)*-2. Suppose q + m*q = 9. Calculate the remainder when 35 is divided by q.
8
Let t be (-12)/(-9)*-3 - -2. Calculate the remainder when 31 is divided by 6 + -1 - (-1 + t).
7
Suppose 2*h - 7 - 5 = 0. Suppose 5*c = -6 + 1. Let k = 2 - c. Calculate the remainder when h is divided by k.
0
Let n(z) = -z**3 + 10*z**2 - 12*z + 8. What is the remainder when n(8) is divided by 19 - (1 + -2 - 1)?
19
Let d = 13 - 7. Let q be 33*(-1)/9*-3. Calculate the remainder when q + (-2)/(6/3) is divided by d.
4
Suppose -3*k + 4*n + 57 = 0, 2*k = k - n + 19. Let t = k + -9. Let l = -2 - -30. What is the remainder when l is divided by t?
8
Let b = 20 - 5. What is the remainder when 29 is divided by b?
14
Suppose -40 = -3*j + 2*m, -48 + 3 = -4*j + m. Let g = -27 - 13. Let u = g - -67. Calculate the remainder when u is divided by j.
7
Suppose 0 = -5*d + 31 - 1. Calculate the remainder when 23 is divided by d.
5
Let o be ((-21)/3 + -1)/(-2). Let z = o + 15. What is the remainder when z is divided by 10?
9
Suppose -584 = 26*a - 30*a. Calculate the remainder when a is divided by 30.
26
Let x(j) = -2*j**3 + j**2 - 7*j - 10. What is the remainder when x(-3) is divided by 20?
14
Let u(g) = -g**3 + 10*g**2 + 1. Suppose -2*i + 1 = 17. Calculate the remainder when (i/(-10))/(6/15) is divided by u(10).
0
What is the remainder when (-2)/(-11) + (-66878)/(-374) is divided by 14?
11
Let j = 5 + -1. Suppose 2*l = -n + 5*l + 29, -j*n + 3*l = -71. What is the remainder when n is divided by 8?
6
Suppose -3*a + 62 = 8. Suppose 4*l = h + a, 2*l + 2*h - 14 = -0*l. Suppose -120 = -10*z + l*z. What is the remainder when z is divided by 13?
11
Suppose -l + 0 = 4, 3*p = l + 61. Let f(m) be the second derivative of 13*m**4/12 - m**3/2 - m**2 - m. Calculate the remainder when f(-2) is divided by p.
18
Suppose 3*l = -l + 36. Let q = l + 1. Suppose -5*g + q*g = 15. Calculate the remainder when 8 is divided by g.
2
Let l be (-2 - -3)/1*83. Suppose -2*k - o + l = 0, 3*k + 3*o - 129 = -0*k. Calculate the remainder when k is divided by 14.
12
Suppose -4 - 7 = -o. Let t be (14/6)/(3/(-9)). Calculate the remainder when o is divided by (-2)/t - (-160)/28.
5
Let f(k) = k**2 + 2*k + 9. What is the remainder when 22 is divided by f(-3)?
10
Suppose -55 = -5*o + 80. Suppose -5*a = -2*a + 5*y - 52, 5*a + y - 72 = 0. What is the remainder when o is divided by a?
13
Suppose i = -4*r + 180, -3*r + 22 = 2*i - 108. Calculate the remainder when r is divided by (4/2)/((-1)/(-8)).
14
Let b = -7 - 2. Let t(g) = g**2 + 8*g - 7. Calculate the remainder when 5 is divided by t(b).
1
Suppose l = -3*l + 208. Suppose -5*d - 12 = -l. What is the remainder when 30 is divided by d?
6
Suppose -t - 200 = -3*t. Calculate the remainder when (108/45)/(6/t) is divided by 14.
12
Let c = 1 + -2. Let d = c - -3. What is the remainder when 4 is divided by d?
0
Let h = 55 + -24. Calculate the remainder when h is divided by 8.
7
Let n = -3 - -7. Suppose -j - 4*i = 4*j - 42, -2*i = -6. Calculate the remainder when j*(4/2 + -1) is divided by n.
2
Let u(g) = g**2 - 3*g + 3. Let o be u(-5). Suppose 20 = 3*q - o. Calculate the remainder when q is divided by -1 - (-1 + (2 - 13)).
10
Suppose 2*b - 12 = -0*b. Let n = b - -11. What is the remainder when n is divided by 2/6 - (-51)/9?
5
Let c be 2/7 + (-12)/(-7). Let w = 1 + c. Suppose 2*x + w*x - 220 = 0. What is the remainder when x is divided by 15?
14
Let h(p) = -p**2 + 7*p + 2. Calculate the remainder when h(4) is divided by -3 + (-3)/(-6)*14.
2
Let t be (0 - -3)/(3/42). Suppose -b = b - t. What is the remainder when b is divided by 8?
5
Let d(f) = -f**3 + f**2 + 2*f + 1. Let j be d(-2). Let z(y) = 9*y - 7. Calculate the remainder when z(j) is divided by 19.
17
Let d = 10 + -5. Let t(f) = -f**3 + 5*f**2 - 5*f + 6. Suppose 4*r - q - 17 = -0*q, 5*r = 2*q + 22. Calculate the remainder when d is divided by t(r).
1
Let z(n) = n**3 + 10*n**2 + 8*n - 5. Let s(t) = t**3 + 12*t**2 + 8*t - 13. Calculate the remainder when z(-8) is divided by s(-11).
19
Let o be 2*(-3 - -2)*1. Let d = 15 + -9. What is the remainder when (20/d)/(o/(-24)) is divided by 14?
12
Suppose 15 = 5*d + 60. Let g = 4 - d. Calculate the remainder when g is divided by (-5 + 4)*(1 + -6).
3
Let n(s) = -s + 1. Let c be n(-5). Let z be c/8 + (-17)/(-4). Suppose -3*d = -z*d + 148. What is the remainder when d is divided by 19?
17
Let r = -37 + 74. Suppose -4*q + 5*c = 33 + 2, 4*q = 3*c - r. Calculate the remainder when 22 is divided by (18/(-10))/(3/q).
4
Let j(x) = 2*x - 11. Let k(f) = f - 6. Let o(p) = 3*j(p) - 5*k(p). Let g be -7*(0 - (-6)/(-7)). Calculate the remainder when 8 is divided by o(g).
2
Suppose 2*m + 0*m = 16. Let t = m + -1. What is the remainder when t is divided by 4?
3
Suppose f = -0 + 29. Suppose -4*y + 5*x = -25, y = -3*x + f - 10. What is the remainder when 19 is divided by y?
9
Let x be ((-20)/(-6))/(2/36). Let n = x + -17. Suppose -2*a + 4*a - 30 = 0. What is the remainder when n is divided by a?
13
Suppose 2*t = 6 - 2. Let y(h) = h**2 - 8*h + 1. Suppose 0 = 4*b - 4, -4 = -n + 4*b. Calculate the remainder when t is divided by y(n).
0
Suppose -18*v = -20*v + 36. Suppose -1 + v = x. What is the remainder when 66 is divided by x?
15
Suppose 0 = -2*r + r. Suppose r*a - 5*a = -25, -g + 5*a = 14. What is the remainder when 31 is divided by g?
9
Let u = -5 - -17. Suppose 3*y - 16 = -i, i = -y - y + u. Suppose -y*c = -c - 27. What is the remainder when 16 is divided by c?
7
Let z be (-2)/(-1) + -1 + 4. Let m = 16 - z. Calculate the remainder when m is divided by 4.
3
Let o(d) = -10*d + 1. Let k(f) = 21*f - 3. Let p(m) = 6*k(m) + 13*o(m). Let z be (-1)/(-3) + 88/(-12). Calculate the remainder when p(z) is divided by 12.
11
Let q(d) be the second derivative of -d**5/20 + 5*d**4/12 - d**3/6 + 3*d**2/2 + 3*d. What is the remainder 